it of (-50)/(-5)*z/(-4)?
5
Let i(f) be the second derivative of 8*f**3/3 - 3*f**2/2 - 50*f + 1. What is the tens digit of i(37)?
8
What is the ten thousands digit of 27160/2 + 14*(-4 + 70/20)?
1
Suppose -14*t = 5*t + 133. Let k(n) = -182*n - 273. What is the thousands digit of k(t)?
1
Suppose -12*d - 332357 = -131*d + 298462. What is the units digit of d?
1
Suppose 5*l - 45423 = -i, 2*l + 72*i - 74*i - 18174 = 0. What is the units digit of l?
5
Let p = 741 + -524. Let g = 229 - p. What is the tens digit of g?
1
Let k be (-28 - -32)/((-3)/(-6)*4). Suppose 6*j = 2*j + 4*v + 652, 2 = k*v. What is the units digit of j?
4
Suppose -19*a - 4552 = -21*a. Suppose h + h - 5*u - 4538 = 0, h + u - a = 0. What is the units digit of (-12)/42 + h/21?
8
Let x be (-178)/(-12) - (-7)/42. Suppose x*p - 7*p = 40. Suppose -3*l = -2*l + j - 134, p*j = 10. What is the units digit of l?
2
Let h = -378 - -31. Let b = 42 - h. What is the hundreds digit of b?
3
Let z = 80 - 78. Suppose z*d + 3*o - 343 = 0, -4*d + 556 = o - 155. Suppose 3*l + 2*q = 541, -l + 0*q = 2*q - d. What is the hundreds digit of l?
1
Suppose -22*r + 303*r - 11305532 = -35*r. What is the units digit of r?
7
Let t be -39 + 0 + 12/(-4). Let i = -37 - t. Let o = 41 - i. What is the tens digit of o?
3
Suppose 6*z - 126569 = -17*z. What is the thousands digit of z?
5
Suppose 5*f = 18 - 3. Suppose 2*b - 13*a + 18*a = 2582, -5*b = -2*a - 6397. What is the units digit of 2/f - b/(-9)?
3
Suppose 0 = -7*p + 19969 + 27924 + 30346. What is the thousands digit of p?
1
Let f = 59144 + -38794. What is the units digit of f?
0
Suppose 10*w - 5*w + z + 36 = 0, 0 = -4*w + z - 27. Let b(d) = -2*d + 43 - 26 + 19*d + 4*d**2. What is the units digit of b(w)?
4
Suppose -3*j + 5*c - 23 = 0, -3*j - 4*c - 2 = -2*j. Let n(g) = g**3 + 5*g**2 - 7*g - 4. Let s be n(j). What is the tens digit of 12782/66 - -2*s/(-6)?
9
Let w(j) be the first derivative of -j**2/2 + 34*j - 31. Let r be w(-10). Let q = r - 33. What is the units digit of q?
1
Suppose 0 = -36*s + 34*s - 5*a + 49827, -7*a - 74813 = -3*s. What is the thousands digit of s?
4
Let x(d) = 53*d - 49. Suppose 0 = 2*m + 8, -4*a - m = -101 + 29. What is the units digit of x(a)?
8
Suppose -3*x + 2*u + 1457 = -1906, -5598 = -5*x + u. What is the tens digit of x?
1
Let u(c) = c**2 - 16*c + 54. Let d be u(13). Suppose -d*s - 834 = -21*s. What is the hundreds digit of s?
1
Let b = 6772 - 2877. What is the hundreds digit of b?
8
Suppose -23111 = -2*q - 2*i - 5611, -q - 3*i + 8734 = 0. What is the hundreds digit of q?
7
Suppose -3*r = 3*l + r - 310, 0 = -3*r - 15. Let z = 150 - l. What is the tens digit of z?
4
Let j = 26804 - 15548. What is the units digit of j?
6
Suppose -5*t + 125 = -5*w, -31*w + 26*w - 41 = -t. Let c = t - -158. What is the tens digit of c?
7
Suppose -300726 = -71*i - 15803. What is the tens digit of i?
1
What is the units digit of (503487/(-108))/((-13)/156)?
3
Let v = -40434 + 62927. What is the ten thousands digit of v?
2
Let v be 2/(-15) - 944/120. Let g be (-83)/(-1)*(-7 - v). What is the tens digit of g/(((-10)/(-15))/(-1 - -3))?
4
What is the tens digit of ((-8)/(-30))/2 + (-20969648)/(-840)?
6
Let j(d) be the third derivative of -73*d**4/3 - 13*d**3/3 - 185*d**2. What is the thousands digit of j(-2)?
1
Let x(q) = -15*q - 26. Let j be x(-14). Let p = 360 - j. Let z = -120 + p. What is the units digit of z?
6
Let j(y) = y**3 - 5*y**2 + 4*y - 5. Suppose 5 = 2*f + 1. Let w be j(f). What is the tens digit of w*1/(-3) - -49?
5
Suppose -12*o + 450555 = -52*j + 49*j, -3*o = -5*j - 112677. What is the units digit of o?
4
Let n = -1240 + 3239. What is the tens digit of n?
9
Let r(y) = 7*y**2 - 8*y + 10. Let q be (5/(-20) + -2)*(-8)/6. What is the tens digit of r(q)?
4
Let f = -16 - -1288. Suppose 2*d + 10 = f. What is the tens digit of d?
3
Let o(s) = 2*s**2 + 6*s - 15. Let f be o(6). Let m = 120 - f. Suppose -m*w + 28*w - 2 = 0. What is the units digit of w?
2
Let q(u) = 30*u**3 - 1. Let r be q(1). Suppose 10758 = -r*o + 40*o. What is the tens digit of o?
7
Suppose -63 = -15*m - 6*m. Let c(g) be the third derivative of 19*g**4/24 + 5*g**3/6 + 3*g**2. What is the units digit of c(m)?
2
Suppose -3*o + 329 + 238 = 0. What is the units digit of (72/(-28))/(((-12)/o)/4)?
2
Suppose -34 = -3*f + 5*u, -u = 3*f - 4*u - 36. Suppose -2*r + 2*q + q + f = 0, 8 = r - 3*q. What is the units digit of 4/r*(221 + 14)?
8
Let y(n) = n**3 - 5*n**2 + 7*n - 5. Let c be y(4). Suppose 0 = -c*j + j + 360. Let p = j - 40. What is the units digit of p?
0
Suppose -9*l - 36 = 99. Let j be l/(-4) - 9/(-36). What is the tens digit of (-2)/7 - (j + (-2253)/21)?
0
Let c(z) = 578*z - 216. Let u(p) = -290*p + 109. Let n(g) = -3*c(g) - 5*u(g). What is the hundreds digit of n(-3)?
9
Let r(j) = 37*j**3 + j**2 + 3*j + 2. Let l be r(-1). Let s = 59 + l. Let t = s - -3. What is the units digit of t?
5
Let h(t) = -8*t + 216. Let u be h(27). Suppose u = 12*b - 18*b + 2928. What is the tens digit of b?
8
Suppose -4*v + 60596 = -o, -5*o + 34841 - 110601 = -5*v. What is the units digit of v?
8
Let y be ((-16)/6 + 3)*60. Suppose 0 = 5*j + y, -4*p + j = 1534 + 182. What is the units digit of ((-3)/4)/(-6 + p/(-72))?
7
Let c(a) = a**3 + 25*a**2 - 2*a - 34. Let r be c(-25). Suppose 3*f - 921 = -v, -11*v - 4669 = -r*v + f. What is the tens digit of v?
3
Let s(q) = 11*q**2 + 25*q + 806. What is the hundreds digit of s(40)?
4
Suppose 1291 - 5947 = -16*r. What is the tens digit of (-21)/(-3) + r + -3?
9
Let s(d) = -d**3 + d**2 + d + 1. Let v(r) = 55*r**3 - 6*r**2 - 4*r - 7. Let x(b) = -5*s(b) - v(b). What is the tens digit of x(-2)?
0
Let d(m) = m**2 + 15*m + 37. Let r be d(-6). Let t = 670 - r. What is the tens digit of t?
8
Suppose -5*a - 4*v = 872, 0 = 4*a - a - 5*v + 538. Let q be (3/2)/(33/a). What is the units digit of -1 + (-5 - -3) - q?
5
Let a(f) = -163*f**3 - f**2 + 1. Let h be a(-1). Suppose 61*u + 27 = 70*u. What is the hundreds digit of 1 + ((u + h)/1 - 4)?
1
Let d(t) = 5*t + 31. Let r(w) = -5*w - 29. Let n(m) = 5*d(m) + 6*r(m). Let q(v) = v**3 - 12. Let g be q(0). What is the units digit of n(g)?
1
Suppose u - 21210 = -5*u. Suppose -45 = 5*s - u. What is the units digit of s?
8
Let h = 99 - -65. Let u = -2422 - -2425. Suppose -4*j = z - 71, -500 = -4*z - u*j - h. What is the tens digit of z?
8
Suppose 88*s + 4*a = 84*s + 60320, -5*s + 5*a = -75400. What is the units digit of s?
0
Let z(t) = 3*t + 37. Let m be z(-11). Let c be 20350/(-77) + m/14. Let k = c - -506. What is the units digit of k?
2
Suppose -3*k - g - 58 - 19 = 0, 0 = -4*k + g - 105. Let t(c) = -10*c + 68. What is the hundreds digit of t(k)?
3
Suppose z = -1, -m + 88*z + 4 = 87*z. Suppose 3*w = 197 + 406. Suppose -m*i + w + 246 = 0. What is the hundreds digit of i?
1
Suppose -k - 1617 = -2*u - u, 2*k - 2166 = -4*u. Suppose -545*d + 2265 = -u*d. What is the units digit of d?
3
Let s(g) = 264*g - 6. Let j be s(-1). What is the tens digit of (j/7)/((-21)/98)?
8
Suppose 5*j - 956 - 1284 = 0. Let h(d) = 4 + 3 - 3*d + 455*d**2 - j*d**2. What is the units digit of h(4)?
7
Let i = 80442 + -46754. What is the tens digit of i?
8
Let i be 88/6*(-45)/10*-1. Let a = 365 - 176. Suppose 5*s = i + a. What is the tens digit of s?
5
Suppose -2919 = -17*s - 182. Suppose s*b - 154*b - 3913 = 0. What is the hundreds digit of b?
5
Let a = -112 - -112. Suppose -45 = -4*d - 5*n + 79, a = -n - 4. What is the units digit of d?
6
Suppose 0*n + 2*n = 4*b - 70396, 4*n - 88008 = -5*b. What is the hundreds digit of b?
6
Suppose 0 = 52*k - 64*k + 27996. Let r = -1562 + k. What is the tens digit of r?
7
Suppose -10144 = -2*q + 52324. Suppose 19*w + 4*w - q = 0. What is the hundreds digit of w?
3
What is the ten thousands digit of 40 + (-126760)/(-6) + 1/3?
2
Suppose 7 + 56 = 7*g. What is the tens digit of 55*g/(54/30)?
7
Let j(n) = n**2 + 8*n + 15. Let x be j(-5). Suppose -2*l - 10 + 12 = x. What is the hundreds digit of 164 - (-1*l + (1 - 3))?
1
Suppose 21*h - 201265 + 70351 = 0. What is the thousands digit of h?
6
What is the hundreds digit of ((-84)/(-49))/(28/9114)*(-136)/(-3)?
2
Suppose 0 = -3*h - 4*i + 8, 0 = -4*i + 108 - 100. Let l be (-400)/(-6)*12/5. Suppose -l = -2*o + 7*j - 3*j, h = o + j - 80. What is the units digit of o?
0
Let k = 7638 + -2802. Suppose 0 = 